{"id":3544,"date":"2025-01-16T12:28:43","date_gmt":"2025-01-16T09:28:43","guid":{"rendered":"https:\/\/wir-kaufen-dein-auto-schweiz.ch\/?page_id=3544"},"modified":"2025-11-15T11:09:03","modified_gmt":"2025-11-15T08:09:03","slug":"impressum","status":"publish","type":"page","link":"https:\/\/wir-kaufen-dein-auto-schweiz.ch\/fr\/impressum\/","title":{"rendered":"Mentions l\u00e9gales"},"content":{"rendered":"<div data-elementor-type=\"wp-page\" data-elementor-id=\"3544\" class=\"elementor elementor-3544\">\n\t\t\t\t<div class=\"elementor-element elementor-element-4bbede9 e-flex e-con-boxed e-con e-parent\" data-id=\"4bbede9\" data-element_type=\"container\" data-settings=\"{&quot;background_background&quot;:&quot;classic&quot;}\">\n\t\t\t\t\t<div class=\"e-con-inner\">\n\t\t\t\t<div class=\"elementor-element elementor-element-fa94755 elementor-widget elementor-widget-heading\" data-id=\"fa94755\" data-element_type=\"widget\" data-widget_type=\"heading.default\">\n\t\t\t\t<div class=\"elementor-widget-container\">\n\t\t\t\t\t<h1 class=\"elementor-heading-title elementor-size-default\">Mentions l\u00e9gales<\/h1>\t\t\t\t<\/div>\n\t\t\t\t<\/div>\n\t\t\t\t\t<\/div>\n\t\t\t\t<\/div>\n\t\t<div class=\"elementor-element elementor-element-f0914b9 e-flex e-con-boxed e-con e-parent\" data-id=\"f0914b9\" data-element_type=\"container\">\n\t\t\t\t\t<div class=\"e-con-inner\">\n\t\t\t\t<div class=\"elementor-element elementor-element-ce0c68a elementor-widget elementor-widget-heading\" data-id=\"ce0c68a\" data-element_type=\"widget\" data-widget_type=\"heading.default\">\n\t\t\t\t<div class=\"elementor-widget-container\">\n\t\t\t\t\t<h2 class=\"elementor-heading-title elementor-size-default\">Responsable du contenu<\/h2>\t\t\t\t<\/div>\n\t\t\t\t<\/div>\n\t\t\t\t<div class=\"elementor-element elementor-element-758f795 elementor-widget elementor-widget-text-editor\" data-id=\"758f795\" data-element_type=\"widget\" data-widget_type=\"text-editor.default\">\n\t\t\t\t<div class=\"elementor-widget-container\">\n\t\t\t\t\t\t\t\t\t<p><strong>wir-kaufen-dein-auto-schweiz.ch<\/strong><br \/>Monsieur Y. Itani<br \/>Altwiesenstrasse 92<br \/>8051 Z\u00fcrich<br \/>T\u00e9l\u00e9phone: 079 437 38 42<br \/>E-Mail: auto@wir-kaufen-dein-auto-schweiz.ch<\/p>\t\t\t\t\t\t\t\t<\/div>\n\t\t\t\t<\/div>\n\t\t\t\t<div class=\"elementor-element elementor-element-b2b9fa5 elementor-widget elementor-widget-spacer\" data-id=\"b2b9fa5\" data-element_type=\"widget\" data-widget_type=\"spacer.default\">\n\t\t\t\t<div class=\"elementor-widget-container\">\n\t\t\t\t\t\t\t<div class=\"elementor-spacer\">\n\t\t\t<div class=\"elementor-spacer-inner\"><\/div>\n\t\t<\/div>\n\t\t\t\t\t\t<\/div>\n\t\t\t\t<\/div>\n\t\t\t\t<div class=\"elementor-element elementor-element-5d8a8a6 elementor-widget elementor-widget-heading\" data-id=\"5d8a8a6\" data-element_type=\"widget\" data-widget_type=\"heading.default\">\n\t\t\t\t<div class=\"elementor-widget-container\">\n\t\t\t\t\t<h2 class=\"elementor-heading-title elementor-size-default\">R\u00e9f\u00e9rences et liens<\/h2>\t\t\t\t<\/div>\n\t\t\t\t<\/div>\n\t\t\t\t<div class=\"elementor-element elementor-element-dc84e60 elementor-widget elementor-widget-text-editor\" data-id=\"dc84e60\" data-element_type=\"widget\" data-widget_type=\"text-editor.default\">\n\t\t\t\t<div class=\"elementor-widget-container\">\n\t\t\t\t\t\t\t\t\t<p class=\"translation-block\"><strong>wir-kaufen-dein-auto-schweiz.ch<\/strong> renvoie et redirige vers des offres et des sites web tiers. L'utilisation et l'acc\u00e8s \u00e0 ces sites web se font \u00e0 vos propres risques.<\/p><p class=\"translation-block\"><strong>wir-kaufen-dein-auto-schweiz.ch<\/strong> n'a aucune influence sur la conception et le contenu de ces sites web. La responsabilit\u00e9 en incombe enti\u00e8rement aux fournisseurs tiers.<\/p>\t\t\t\t\t\t\t\t<\/div>\n\t\t\t\t<\/div>\n\t\t\t\t<div class=\"elementor-element elementor-element-d0ecf2c elementor-widget elementor-widget-spacer\" data-id=\"d0ecf2c\" data-element_type=\"widget\" data-widget_type=\"spacer.default\">\n\t\t\t\t<div class=\"elementor-widget-container\">\n\t\t\t\t\t\t\t<div class=\"elementor-spacer\">\n\t\t\t<div class=\"elementor-spacer-inner\"><\/div>\n\t\t<\/div>\n\t\t\t\t\t\t<\/div>\n\t\t\t\t<\/div>\n\t\t\t\t<div class=\"elementor-element elementor-element-d8ffa19 elementor-widget elementor-widget-heading\" data-id=\"d8ffa19\" data-element_type=\"widget\" data-widget_type=\"heading.default\">\n\t\t\t\t<div class=\"elementor-widget-container\">\n\t\t\t\t\t<h2 class=\"elementor-heading-title elementor-size-default\">Sources des images<\/h2>\t\t\t\t<\/div>\n\t\t\t\t<\/div>\n\t\t\t\t<div class=\"elementor-element elementor-element-a9b2403 elementor-widget elementor-widget-text-editor\" data-id=\"a9b2403\" data-element_type=\"widget\" data-widget_type=\"text-editor.default\">\n\t\t\t\t<div class=\"elementor-widget-container\">\n\t\t\t\t\t\t\t\t\t<p>www.pixabay.com<br \/>www.pexels.com<br \/>www.unsplash.com<\/p><p>Toutes les autres photos : \u00a9 wir-kaufen-dein-auto-schweiz.ch<\/p>\t\t\t\t\t\t\t\t<\/div>\n\t\t\t\t<\/div>\n\t\t\t\t<div class=\"elementor-element elementor-element-944d325 elementor-widget elementor-widget-spacer\" data-id=\"944d325\" data-element_type=\"widget\" data-widget_type=\"spacer.default\">\n\t\t\t\t<div class=\"elementor-widget-container\">\n\t\t\t\t\t\t\t<div class=\"elementor-spacer\">\n\t\t\t<div class=\"elementor-spacer-inner\"><\/div>\n\t\t<\/div>\n\t\t\t\t\t\t<\/div>\n\t\t\t\t<\/div>\n\t\t\t\t<div class=\"elementor-element elementor-element-e551c9c elementor-widget elementor-widget-heading\" data-id=\"e551c9c\" data-element_type=\"widget\" data-widget_type=\"heading.default\">\n\t\t\t\t<div class=\"elementor-widget-container\">\n\t\t\t\t\t<h2 class=\"elementor-heading-title elementor-size-default\">Copyright<\/h2>\t\t\t\t<\/div>\n\t\t\t\t<\/div>\n\t\t\t\t<div class=\"elementor-element elementor-element-cf5f388 elementor-widget elementor-widget-text-editor\" data-id=\"cf5f388\" data-element_type=\"widget\" data-widget_type=\"text-editor.default\">\n\t\t\t\t<div class=\"elementor-widget-container\">\n\t\t\t\t\t\t\t\t\t<p>\u00a9 <strong>wir-kaufen-dein-auto-schweiz.ch<\/strong>, Z\u00fcrich im November 2025<\/p>\t\t\t\t\t\t\t\t<\/div>\n\t\t\t\t<\/div>\n\t\t\t\t<div class=\"elementor-element elementor-element-1f0e5fd elementor-widget elementor-widget-spacer\" data-id=\"1f0e5fd\" data-element_type=\"widget\" data-widget_type=\"spacer.default\">\n\t\t\t\t<div class=\"elementor-widget-container\">\n\t\t\t\t\t\t\t<div class=\"elementor-spacer\">\n\t\t\t<div class=\"elementor-spacer-inner\"><\/div>\n\t\t<\/div>\n\t\t\t\t\t\t<\/div>\n\t\t\t\t<\/div>\n\t\t\t\t<div class=\"elementor-element elementor-element-d4e9b28 elementor-widget-divider--view-line elementor-widget elementor-widget-divider\" data-id=\"d4e9b28\" data-element_type=\"widget\" data-widget_type=\"divider.default\">\n\t\t\t\t<div class=\"elementor-widget-container\">\n\t\t\t\t\t\t\t<div class=\"elementor-divider\">\n\t\t\t<span class=\"elementor-divider-separator\">\n\t\t\t\t\t\t<\/span>\n\t\t<\/div>\n\t\t\t\t\t\t<\/div>\n\t\t\t\t<\/div>\n\t\t\t\t\t<\/div>\n\t\t\t\t<\/div>\n\t\t\t\t<\/div>","protected":false},"excerpt":{"rendered":"<p>Impressum Verantwortlich f\u00fcr den Inhalt wir-kaufen-dein-auto-schweiz.chHerr Y. ItaniAltwiesenstrasse 928051 Z\u00fcrichTelefon: 079 437 38 42E-Mail: auto@wir-kaufen-dein-auto-schweiz.ch Verweise &amp; Links wir-kaufen-dein-auto-schweiz.ch verweist und verlinkt auf Angebote und Websites von Dritten. Nutzung und Zugriff auf diese Websites erfolgen auf eigene Gefahr. wir-kaufen-dein-auto-schweiz.ch hat keinerlei Einfluss auf Gestaltung und Inhalte dieser Websites. Die Verantwortung daf\u00fcr liegt vollumf\u00e4nglich bei den [&hellip;]<\/p>","protected":false},"author":12,"featured_media":0,"parent":0,"menu_order":90,"comment_status":"closed","ping_status":"closed","template":"elementor_header_footer","meta":{"footnotes":""},"class_list":["post-3544","page","type-page","status-publish","hentry"],"_links":{"self":[{"href":"https:\/\/wir-kaufen-dein-auto-schweiz.ch\/fr\/wp-json\/wp\/v2\/pages\/3544","targetHints":{"allow":["GET"]}}],"collection":[{"href":"https:\/\/wir-kaufen-dein-auto-schweiz.ch\/fr\/wp-json\/wp\/v2\/pages"}],"about":[{"href":"https:\/\/wir-kaufen-dein-auto-schweiz.ch\/fr\/wp-json\/wp\/v2\/types\/page"}],"author":[{"embeddable":true,"href":"https:\/\/wir-kaufen-dein-auto-schweiz.ch\/fr\/wp-json\/wp\/v2\/users\/12"}],"replies":[{"embeddable":true,"href":"https:\/\/wir-kaufen-dein-auto-schweiz.ch\/fr\/wp-json\/wp\/v2\/comments?post=3544"}],"version-history":[{"count":19,"href":"https:\/\/wir-kaufen-dein-auto-schweiz.ch\/fr\/wp-json\/wp\/v2\/pages\/3544\/revisions"}],"predecessor-version":[{"id":4297,"href":"https:\/\/wir-kaufen-dein-auto-schweiz.ch\/fr\/wp-json\/wp\/v2\/pages\/3544\/revisions\/4297"}],"wp:attachment":[{"href":"https:\/\/wir-kaufen-dein-auto-schweiz.ch\/fr\/wp-json\/wp\/v2\/media?parent=3544"}],"curies":[{"name":"wp","href":"https:\/\/api.w.org\/{rel}","templated":true}]}}

Mentions légales

<div data-elementor-type="wp-page" data-elementor-id="3544" class="elementor elementor-3544">
				<div class="elementor-element elementor-element-4bbede9 e-flex e-con-boxed e-con e-parent" data-id="4bbede9" data-element_type="container" data-settings="{&quot;background_background&quot;:&quot;classic&quot;}">
					<div class="e-con-inner">
				<div class="elementor-element elementor-element-fa94755 elementor-widget elementor-widget-heading" data-id="fa94755" data-element_type="widget" data-widget_type="heading.default">
				<div class="elementor-widget-container">
					<h1 class="elementor-heading-title elementor-size-default">Mentions légales</h1>				</div>
				</div>
					</div>
				</div>
		<div class="elementor-element elementor-element-f0914b9 e-flex e-con-boxed e-con e-parent" data-id="f0914b9" data-element_type="container">
					<div class="e-con-inner">
				<div class="elementor-element elementor-element-ce0c68a elementor-widget elementor-widget-heading" data-id="ce0c68a" data-element_type="widget" data-widget_type="heading.default">
				<div class="elementor-widget-container">
					<h2 class="elementor-heading-title elementor-size-default">Responsable du contenu</h2>				</div>
				</div>
				<div class="elementor-element elementor-element-758f795 elementor-widget elementor-widget-text-editor" data-id="758f795" data-element_type="widget" data-widget_type="text-editor.default">
				<div class="elementor-widget-container">
									<p><strong>wir-kaufen-dein-auto-schweiz.ch</strong><br />Monsieur Y. Itani<br />Altwiesenstrasse 92<br />8051 Zürich<br />Téléphone: 079 437 38 42<br />E-Mail: auto@wir-kaufen-dein-auto-schweiz.ch</p>								</div>
				</div>
				<div class="elementor-element elementor-element-b2b9fa5 elementor-widget elementor-widget-spacer" data-id="b2b9fa5" data-element_type="widget" data-widget_type="spacer.default">
				<div class="elementor-widget-container">
							<div class="elementor-spacer">
			<div class="elementor-spacer-inner"></div>
		</div>
						</div>
				</div>
				<div class="elementor-element elementor-element-5d8a8a6 elementor-widget elementor-widget-heading" data-id="5d8a8a6" data-element_type="widget" data-widget_type="heading.default">
				<div class="elementor-widget-container">
					<h2 class="elementor-heading-title elementor-size-default">Références et liens</h2>				</div>
				</div>
				<div class="elementor-element elementor-element-dc84e60 elementor-widget elementor-widget-text-editor" data-id="dc84e60" data-element_type="widget" data-widget_type="text-editor.default">
				<div class="elementor-widget-container">
									<p class="translation-block"><strong>wir-kaufen-dein-auto-schweiz.ch</strong> renvoie et redirige vers des offres et des sites web tiers. L'utilisation et l'accès à ces sites web se font à vos propres risques.</p><p class="translation-block"><strong>wir-kaufen-dein-auto-schweiz.ch</strong> n'a aucune influence sur la conception et le contenu de ces sites web. La responsabilité en incombe entièrement aux fournisseurs tiers.</p>								</div>
				</div>
				<div class="elementor-element elementor-element-d0ecf2c elementor-widget elementor-widget-spacer" data-id="d0ecf2c" data-element_type="widget" data-widget_type="spacer.default">
				<div class="elementor-widget-container">
							<div class="elementor-spacer">
			<div class="elementor-spacer-inner"></div>
		</div>
						</div>
				</div>
				<div class="elementor-element elementor-element-d8ffa19 elementor-widget elementor-widget-heading" data-id="d8ffa19" data-element_type="widget" data-widget_type="heading.default">
				<div class="elementor-widget-container">
					<h2 class="elementor-heading-title elementor-size-default">Sources des images</h2>				</div>
				</div>
				<div class="elementor-element elementor-element-a9b2403 elementor-widget elementor-widget-text-editor" data-id="a9b2403" data-element_type="widget" data-widget_type="text-editor.default">
				<div class="elementor-widget-container">
									<p>www.pixabay.com<br />www.pexels.com<br />www.unsplash.com</p><p>Toutes les autres photos : © wir-kaufen-dein-auto-schweiz.ch</p>								</div>
				</div>
				<div class="elementor-element elementor-element-944d325 elementor-widget elementor-widget-spacer" data-id="944d325" data-element_type="widget" data-widget_type="spacer.default">
				<div class="elementor-widget-container">
							<div class="elementor-spacer">
			<div class="elementor-spacer-inner"></div>
		</div>
						</div>
				</div>
				<div class="elementor-element elementor-element-e551c9c elementor-widget elementor-widget-heading" data-id="e551c9c" data-element_type="widget" data-widget_type="heading.default">
				<div class="elementor-widget-container">
					<h2 class="elementor-heading-title elementor-size-default">Copyright</h2>				</div>
				</div>
				<div class="elementor-element elementor-element-cf5f388 elementor-widget elementor-widget-text-editor" data-id="cf5f388" data-element_type="widget" data-widget_type="text-editor.default">
				<div class="elementor-widget-container">
									<p>© <strong>wir-kaufen-dein-auto-schweiz.ch</strong>, Zürich im November 2025</p>								</div>
				</div>
				<div class="elementor-element elementor-element-1f0e5fd elementor-widget elementor-widget-spacer" data-id="1f0e5fd" data-element_type="widget" data-widget_type="spacer.default">
				<div class="elementor-widget-container">
							<div class="elementor-spacer">
			<div class="elementor-spacer-inner"></div>
		</div>
						</div>
				</div>
				<div class="elementor-element elementor-element-d4e9b28 elementor-widget-divider--view-line elementor-widget elementor-widget-divider" data-id="d4e9b28" data-element_type="widget" data-widget_type="divider.default">
				<div class="elementor-widget-container">
							<div class="elementor-divider">
			<span class="elementor-divider-separator">
						</span>
		</div>
						</div>
				</div>
					</div>
				</div>
				</div>

<p>Impressum Verantwortlich für den Inhalt wir-kaufen-dein-auto-schweiz.chHerr Y. ItaniAltwiesenstrasse 928051 ZürichTelefon: 079 437 38 42E-Mail: auto@wir-kaufen-dein-auto-schweiz.ch Verweise &amp; Links wir-kaufen-dein-auto-schweiz.ch verweist und verlinkt auf Angebote und Websites von Dritten. Nutzung und Zugriff auf diese Websites erfolgen auf eigene Gefahr. wir-kaufen-dein-auto-schweiz.ch hat keinerlei Einfluss auf Gestaltung und Inhalte dieser Websites. Die Verantwortung dafür liegt vollumfänglich bei den [&hellip;]</p>
